et a = 51197 + -21102. Suppose -2*n + 6*x = 2*x - 20090, -4*x + a = 3*n. Is n a composite number?
False
Suppose -2*y - 11 = -y. Suppose -678 = 15*c - 9*c. Is (-3 - y)/4 - c prime?
False
Let r(z) = 6123*z - 11. Let y(c) = c**3 + 22*c**2 - 3*c - 64. Let v be y(-22). Is r(v) composite?
True
Suppose w = 4*w + 2*c + 177, 0 = -4*c. Let f = -57 - w. Suppose f*v = -973 + 2319. Is v prime?
True
Suppose 15 = -o - 4*a + 7*a, 4*o - 10 = -2*a. Suppose 25*b - 30*b + 6085 = o. Is b prime?
True
Suppose 16*w = 7*w + 35577. Let u = w - 1018. Is u a composite number?
True
Let c(r) = r + 61 + 158*r**2 + 3*r - 7*r + r. Is c(7) prime?
True
Let v be (-5)/(25/(-30)) - 4. Suppose 3*s - 5215 = -v*p, -4*p + 14560 = 2*s + 4126. Is p a prime number?
True
Let r(p) be the second derivative of p**6/120 - p**5/15 + 19*p**4/24 - 5*p**3/6 - 8*p. Let o(g) be the second derivative of r(g). Is o(-14) composite?
False
Suppose 5*a + 190 = 20. Let c = a - -41. Is (3/(-12))/(c/(-3556)) prime?
True
Let i be (-1)/(-1)*8/4. Let o be i/(-2) - 6/(-2). Suppose 948 = 8*s - o*s. Is s a composite number?
True
Suppose -55*m = -45*m. Is (4846 - -5) + -8 - m/1 a prime number?
False
Suppose r = -9*a + 327074, -47*a + 72707 = -45*a + 5*r. Is a composite?
False
Let f = 497786 - 346477. Is f prime?
False
Let n = -215 + 215. Is n + 3692 - (-1 + 2) prime?
True
Suppose -2*v - 2*s = -16854, -38*v + 40*v - 16861 = 5*s. Let f = v - 4449. Is f composite?
True
Let m(l) = -11*l - 6. Let y be m(-6). Suppose -635 = -y*j + 55*j. Suppose 674 = 9*v - j. Is v composite?
False
Let n(t) = 132*t + 188999. Is n(0) a prime number?
True
Is (12 + ((-442)/39 - 1))/(1/(-1432521)) a prime number?
False
Suppose -3*s + 2595 = -1449. Let a = s - 95. Is a prime?
False
Let n(t) = 552*t - 3617. Is n(70) prime?
True
Let d = -191607 + 705412. Is d prime?
False
Suppose 641 = 2*x + 631. Suppose 0*s + 9411 = 2*s - z, -23535 = -x*s + 4*z. Is s a prime number?
True
Let x = 33 - 26. Suppose x*n - 6342 = n. Is n prime?
False
Suppose 5*h + z = -16939, z = -5*h - 3*z - 16936. Let j = 1273 - h. Is j composite?
True
Is 3 + ((-38)/57)/(2/(-100362)) a prime number?
True
Suppose -2*m + 4*n + 217690 = 0, -4*m + 369*n - 372*n = -435391. Is m prime?
False
Suppose -5*g + 9920 = 2*s, 3*g + 4*s + 3478 - 9444 = 0. Is g a composite number?
True
Suppose 16*m = -7048 + 1544. Let n = 1627 + m. Is n prime?
True
Let s = 26 - 42. Let k = -19 - s. Is (-7 - -4)/(k/458) prime?
False
Suppose 20*j = 25*j + 5, -5*d + j = -3602891. Is d a prime number?
False
Let i = 1865092 + -99533. Is i a prime number?
True
Let r(c) = 150*c + 31. Suppose -2*k = -3*n - 9, -4*k + 36 + 15 = 5*n. Is r(k) a prime number?
True
Is (-9)/63*-7*(13974 + -1) a prime number?
False
Let y(k) be the second derivative of 455*k**4/6 - 52*k**3/3 + 11*k**2/2 - 5*k - 9. Is y(-6) composite?
True
Is (-1473579)/72*64/(-12) a composite number?
True
Let z(v) = 212*v**2 + 37*v + 7. Is z(-4) a prime number?
True
Let u = -380 + 390. Is -5*(-4 - u/((-150)/(-423))) a prime number?
False
Let c = 60 - 64. Let u(o) = -25*o**2 - 4*o + 2. Let w be u(c). Is 7 + -4 - (4 + w) composite?
True
Let n(v) = 29*v**3 + 6*v**2 - 15*v + 29. Let q = -603 + 607. Is n(q) a composite number?
True
Is (-12 - -3566)/((-175)/(-13450)*4/7) a prime number?
False
Let z(v) = v**3 + 5*v**2 - 11*v - 2. Let t be z(-8). Let d = 736 - t. Is d prime?
False
Let o be 2/(1/(-6) - 2/6). Let a be (0 - -85 - 1) + o. Let n = a + 3765. Is n composite?
True
Suppose -6*o + 4*t = -7*o - 2, 5*o - 3*t - 13 = 0. Let w(p) = 2*p**2 - 1. Let b be w(-1). Is (o - b)*(9*16 + -5) composite?
False
Let r(n) = 9*n**2 + 9*n**2 + 4 - n**3 + 2*n - 7*n**2 + 9. Let q be r(10). Let z = q - 27. Is z a prime number?
False
Suppose -5*b = -3*k - 403150, 21*b - 16*b = -2*k + 403175. Is b a composite number?
True
Let t be (-20)/(-12) + -2 - (-46342)/3. Suppose -2*s + t = 50711. Is s/(-36) + 1 + 4/18 a prime number?
True
Let g(w) = -w**3 - w**2 + 3*w + 5. Let d be g(-2). Suppose -3*t + 14545 = h - d*h, -5*t - 2*h = -24231. Suppose 0 = q + 1, -l - 5*q = 3*l - t. Is l prime?
True
Suppose -39*a + 602728 = -474101. Is a a composite number?
False
Suppose 2026*s - 2024*s = 278186. Is s prime?
False
Let y be (-12)/15*(-5)/2. Suppose 0 = -3*f + 4 + y. Suppose 5*i - 388 = 5*k + 1052, f*k = i - 285. Is i a composite number?
True
Suppose 10*y + 89*y - 5444636 = -65*y. Is y composite?
False
Let c(v) = 12124*v**2 - 49*v - 2. Is c(-3) composite?
True
Let i be (-22)/(-1) + (-50)/(-10). Is (-22276)/(-6) + (144/i - 5) composite?
True
Let f(l) = 5385*l**2 - l + 21. Is f(-11) prime?
True
Let i be (-1)/(-1) - (3 - 5). Suppose -i*n = 4*n - 56. Let z(p) = 94*p**2 - 7*p + 21. Is z(n) composite?
False
Suppose 0 = -3*n - 4*p + 52, -3*n - 3*p + 48 = -0*n. Suppose -3*l + n*l = 26154. Is l a composite number?
True
Is (177967*(-10)/5)/(26/(-65)) a composite number?
True
Suppose 10 = 32*g - 214. Let w(k) be the first derivative of 35*k**2 + 51*k + 2. Is w(g) a prime number?
True
Let g be ((-12)/8)/((-15)/140). Suppose 0 = 2*s - 5*n - 1938, -11*s - 5*n - 2917 = -g*s. Is s composite?
True
Let n be 1*-1634*(-95)/38. Suppose -7*i + 8 = -9*i, -b - 5*i + n = 0. Is b prime?
False
Suppose 32*a + 43*a - 18750 = 0. Suppose 3*t = 5*t - 2366. Let h = t - a. Is h composite?
True
Let r = -5621 - -9462. Is r prime?
False
Suppose -6*l + 167929 = -28991. Suppose l = 5*p - 35425. Is p a composite number?
False
Let h = 11109 + 20330. Suppose -4*v + 0*s + s + h = 0, s + 7856 = v. Is v prime?
False
Suppose 9*a = 5*l + 4*a + 5090, -5*a - 5110 = 5*l. Let r = l + 1541. Is r prime?
True
Suppose -3*q - 4*z = -4312, -3*q - 2*z + 4316 = -0*z. Suppose -2*s = -q - 8754. Is s prime?
False
Is 341623 - (-53)/(848/(-96)) a prime number?
True
Let d(q) = -2*q + 3. Let v(z) = -125*z - 205. Let g(p) = 6*d(p) + v(p). Is g(-6) prime?
False
Suppose 2725*y = 2677*y + 19420656. Is y prime?
True
Suppose -734062 = 4930*p - 4937*p. Is p a prime number?
False
Is 4/16*(14 + 401380/14) prime?
False
Is 4/(-12)*-236046*(-27)/(-54) composite?
False
Let t be 0 - -2*(4/1)/4. Suppose -t*j - 6*r + 9186 = -2*r, 13771 = 3*j - 2*r. Is j a composite number?
False
Suppose 5*h = 5*b - 100, -h - 2*b - 4 - 1 = 0. Let c be (-169)/(-5) + -4 + (-63)/h. Let i = 513 - c. Is i a prime number?
True
Suppose 0 = 5*k - 1176 - 2009. Let a = -510 + k. Is a composite?
False
Is (2 - 2164814/(-10)) + 80/(-200) a prime number?
False
Let k = -76963 + 290744. Is k prime?
False
Let z(p) be the second derivative of -37*p**3/6 + 83*p**2/2 + 93*p + 1. Is z(-12) prime?
False
Let q(s) = s**2 - 42. Let x be q(-7). Let w(h) be the first derivative of 10*h**3/3 - 5*h**2/2 + 16*h + 1. Is w(x) composite?
True
Let a = -28 - -36. Suppose 4*n - a = -0*n. Suppose 2*k = n*j - 786, -72 = 5*j + k - 2013. Is j composite?
False
Is 72/8 - 31121508/(-6) prime?
True
Let s = -21567 - -49346. Is s a composite number?
False
Let s be -1 + -2 - 5*-1. Suppose 4*i - 241 = -217. Suppose 3*o - i*o + 1099 = 2*d, -s*o = 5*d - 2775. Is d prime?
True
Let p(s) = -3*s - 2. Let f be p(-3). Let c(x) = 12 - f*x - 5 + 23 - 23*x - x**2. Is c(-13) a composite number?
False
Let g(y) = 1. Let j(f) = 20*f + 3. Let k(d) = 59*d + 9. Let m(u) = 7*j(u) - 2*k(u). Let s(b) = 2*g(b) + m(b). Is s(5) a prime number?
False
Suppose -150145 = 173*h - 178*h - 4*m, 0 = m. Is h a prime number?
True
Let z(m) = -2073*m - 18. Let g be z(4). Let x = 1435 - g. Suppose -2*t = -7*t + x. Is t a composite number?
False
Let q be 1 + 10 + (-14)/2. Suppose -4*m + 20 = 0, -5*m + 10*m = q*d - 90739. Is d composite?
False
Let p(s) be the second derivative of -s**5/20 - 5*s**4/6 + 5*s**3/6 - 29*s**2/2 + 29*s. Is p(-12) prime?
True
Let n be 4 + -2 + 10*58. Let w be 3/(-1) - (9 + -581). Let q = w + n. Is q prime?
True
Suppose 89 = u + 83. Suppose -u*a + 8*a = 5*l + 4651, -a - 5*l + 2348 = 0. Is a a composite number?
False
Let x = 70434 + -44361. Let r = 37996 - x. Is r a composite number?
False
Suppose 0 = -j - 3*m + 5, -7*m - 5 = -5*j - 2*m. Suppose -j*s + 0 = 2, 0 = -t + s + 1755. Is t prime?
False
Suppose -3*m + 528561 = 3*u, 0 = -m + 2*m + 5*u - 176179. Is m prime?
False
Let q(s) = 210*s**2 + 185*s + 330. Is q(-35) a composite number?
True
Let h(b) = -b**2 - b. Let y(m) = -m**2 - 1. Let d(v) = -3*h(v) + 2*y(v). Let u be d(-4). Is (167 - 4)*(4 - u) a composite n